uppose 10*u = 4*u + 66. Let g be ((-6)/(-6))/((-1)/(-22)). Calculate the greatest common factor of g and u.
11
Let u(l) = 69*l + 799. Let o be u(-11). What is the greatest common factor of 1720 and o?
40
Suppose -1 = -d + 4. Let j(z) = z**2 + 5*z + 4. Let o be j(-4). Suppose -d*a + o*a + 75 = 0. What is the greatest common factor of a and 120?
15
Suppose 4*y - 226 = 15*s - 12*s, 175 = 3*y - 5*s. Let v(p) = 21*p**2 - p. Let a be v(-1). Calculate the highest common divisor of y and a.
11
Let m(w) = w**2 - 9*w - 8. Let t(x) = -x**3 + 13*x**2 + 10. Let i be t(13). Let n be m(i). Let f = 2 - -8. Calculate the highest common divisor of f and n.
2
Let q(f) = f**2 - 8*f - 7. Let p be q(10). Let y = -9 + p. Suppose 2*u + 33 - 5 = 4*g, 5*u = -y*g + 42. What is the greatest common factor of g and 2?
2
Let v(r) = 3*r**3 + 2*r**2 + 2*r. Let q be v(-1). Let u(l) = 6*l**2 - 2*l. Let h be u(q). Calculate the greatest common factor of 15 and h.
15
Suppose 0*q - q = 4*q. Suppose -86 = -q*i - 5*i - 2*h, -3*i - 4*h = -60. Calculate the greatest common factor of i and 80.
16
Let i be 94/14 + 6/21. Let u(b) = b**3 - 7*b**2 + b - 3. Let l be u(i). What is the highest common factor of 32 and l?
4
Suppose 3*g + 111 = 3*f, -g - 34 = -3*f + 75. Let n(l) = -l**3 + 8*l**2 - 9*l + 6. Let k be n(6). Calculate the greatest common factor of k and f.
12
Let h = -77 + 224. What is the greatest common divisor of 336 and h?
21
Let p(z) = -4*z**2 + 8*z - 6. Let y be p(-5). Let a = y + 267. Let n be 99/3*1/3. What is the greatest common factor of n and a?
11
Let m be 2*(3 - (-1)/(-1)). Suppose -2*g = -g - 8. Let q = g + -6. What is the greatest common factor of q and m?
2
Let c be ((-72)/20)/(1/(-40)). Let t(y) = -y - 10. Let v be t(-14). Let h be (-13 - -1)/((-3)/v). What is the greatest common factor of c and h?
16
Let y(p) = p**2 - 104*p - 482. Let t be y(109). Suppose 2*m + 252 = 5*m. Calculate the greatest common divisor of t and m.
21
Let j(f) = -128*f**2 - 2*f - 2. Let w be j(-1). Let i = 106 - w. Calculate the highest common divisor of 26 and i.
26
Suppose 5*h = 353 - 283. Let f(r) = r**3 - 4*r**2 - 5*r. Let l be f(6). What is the highest common divisor of h and l?
14
Let u(h) = -5*h + 1. Let b be u(4). Let c = b - -47. Let x be (20/(-6) - -3)/(18/(-756)). What is the highest common divisor of c and x?
14
Let w = -276 + 279. What is the highest common factor of w and 129?
3
Suppose 12*o + 38 = 14*o. Suppose -108 = -o*w + 13*w. Calculate the greatest common divisor of w and 36.
18
Let b = 587 - 530. What is the greatest common factor of 323 and b?
19
Let x be 4060/135 + 6/(-81). Suppose -4*l - 9 = -89. What is the highest common divisor of l and x?
10
Suppose 5*p = -10, 31336 = 5*u - 10*u - 3*p. Let z be u/(-10) - ((-4)/(-5))/(-2). Calculate the greatest common divisor of z and 57.
57
Suppose 2*i + 6*l - 73 = l, -2*i + 23 = -5*l. Calculate the highest common factor of i and 24.
24
Suppose -4*g = -2*b - 26, -5*b - 5*g = -0*b + 5. Let n be (4 - -1)*(-2)/b. Suppose -n*a - 26 = -4*a. What is the highest common factor of a and 52?
13
Let f(t) = -t**3 - t**2 - 7*t + 171. Let s be f(0). Calculate the greatest common divisor of 36 and s.
9
Let x be (10*-16 - -1)*(-490)/42. Calculate the greatest common factor of x and 35.
35
Let z be 36/8*(-8)/(-12). Let u be -48*(1 + (-4)/z). Let w = u - 0. What is the greatest common divisor of w and 64?
16
Let x be ((-32)/(-24))/(1/(-6)). Let j be x*-2*(-45)/(-40). Suppose 360 = 3*c + 2*c. Calculate the greatest common factor of c and j.
18
Let g = 105 + -79. Suppose -5*y + 2*j - 12 = 82, 3*y - 3*j + 51 = 0. Let p = y + 72. What is the highest common factor of p and g?
26
Let r = -777 + 1262. What is the greatest common divisor of r and 873?
97
Let w = -5 - -8. Suppose -w*p = -l - 170, -7*p + l = -2*p - 284. Calculate the highest common divisor of p and 38.
19
Suppose -4*j + 2198 + 1454 = 0. What is the greatest common divisor of 83 and j?
83
Suppose 4*g + 172 = -5*k + 9*k, -5*k = 2*g - 180. Calculate the greatest common factor of 418 and k.
38
Suppose -h + 6 = -3*i, 7*h - 6*h + 5*i = 14. Calculate the greatest common factor of 3 and h.
3
Let n(o) = -10*o**3 + o**2 - 2*o + 11. Let a be n(-4). Calculate the highest common divisor of 25 and a.
25
Suppose 0 = -12*l + 6 + 6. Let r be (18/54)/(l + 5/(-6)). What is the greatest common divisor of r and 2?
2
Suppose v = -3*y + 66, -2*y + 228 = 4*v + y. Suppose -4*d - 4*g + 124 = 0, -2*d - 2*d + 112 = g. Calculate the highest common divisor of d and v.
27
Let s be -2 - ((-75 - -2) + 3). Suppose -15*t = -27*t + 204. What is the greatest common factor of s and t?
17
Let x be 4 - (1 - -3)/(-1). Let v(y) = 5*y - 1. Let k be v(x). Let q be (-13)/k - (-52)/3. What is the greatest common divisor of 68 and q?
17
Let v = 12 - 8. Suppose -9*h + 102 = -6. What is the highest common divisor of h and v?
4
Let n be (-20)/80 + 1044/16 + -1. What is the greatest common divisor of 352 and n?
32
Let b be 2/(-4) + (-5)/(-2). Suppose 5*o = -2*w + o + 130, b*w + 3*o - 125 = 0. Let l = 79 + -57. Calculate the highest common divisor of l and w.
11
Let a be (0 + -2)/(4/(-2)). Let p be (34 - -12) + (a - -2). Suppose 6*u - u = 4*l - 48, 0 = 3*l + 3*u - 9. Calculate the highest common factor of p and l.
7
Let r(z) = -z**3 - 7*z**2 - 7*z + 21. Let t be r(-7). What is the highest common divisor of t and 2590?
70
Let g(m) = m + 7. Let p be g(28). Calculate the greatest common factor of 260 and p.
5
Let z be ((-18)/(-8))/((-5)/(-20)). Suppose 5*y = z*y + 448. Let p be (-72)/32*y/6. What is the highest common factor of p and 28?
14
Suppose -h = -5*n + 10692, 9 = 5*h - 6. What is the highest common divisor of n and 69?
69
Let u(q) = 3*q - 61. Let c be u(24). Let v be (-1)/3 + (-67)/(-3). What is the highest common factor of c and v?
11
Suppose 0 = 5*h - 299 - 76. Calculate the highest common divisor of h and 375.
75
Suppose 83*i = 64*i + 38. Calculate the greatest common divisor of 43 and i.
1
Let q be (-14)/(9 - (-404)/(-44)). Calculate the highest common divisor of q and 154.
77
Let c(m) = 13*m - 13. Let v be 28/6 - (-4)/(-6). Let b be c(v). Calculate the greatest common factor of 13 and b.
13
Let y be (-55)/45 + 10/45. Let j = y - -17. What is the greatest common factor of j and 40?
8
Suppose 14 + 18 = 4*t. Suppose -j - j = -3*o - 14, -2*o - 5*j - 41 = 0. Let g be o/((-8)/12*3). What is the greatest common factor of g and t?
4
Let t(l) = -16*l**3 + 2*l**2 - 3*l - 3. Let b be t(-2). Let j = 382 - b. Calculate the highest common factor of 27 and j.
27
Suppose 3*u + 10 = -5*s, -2*s + 2 = -u + 17. Suppose -k - 2*k = h - 65, 215 = 3*h + u*k. What is the greatest common factor of h and 20?
20
Let m be (0 - (-1 + -8)) + (-3 - -6). Suppose 4*o = 3*o + 12. Calculate the highest common divisor of m and o.
12
Let q be ((-2)/4 - -2)/(2/564). What is the greatest common factor of q and 282?
141
Suppose -t - 15 = -85. Let x(a) = -a**2. Let f be x(-1). Let l be -3 + ((-52)/f)/4. Calculate the greatest common divisor of l and t.
10
Let u be 8/(-10) - ((-22946)/55)/14. Calculate the highest common divisor of 493 and u.
29
Suppose -11 + 2 = 3*d + 4*z, 0 = 5*z. Let u be (d + 6 - 2)*5. Calculate the highest common factor of 15 and u.
5
Let o = -3 - -31. Suppose -3*x + 92 = -o. Suppose -4*k - u + 67 = 0, 0 = 2*k - 5*u - 0 - 17. What is the highest common divisor of k and x?
8
Let t be 15/2*(-14)/(-3). Suppose -f + 28 = w - 6*f, -f - 8 = -w. Let z be 636/18 - (0 - (-1)/w). What is the greatest common divisor of t and z?
35
Let f(r) = -r**3 + 9*r**2 - 9*r - 13. Let m be f(8). Let t be (-5*m/35)/((-6)/(-26)). Calculate the greatest common divisor of 91 and t.
13
Suppose -5*d = -3*y + 2832, 0 = -d - 3*d - y - 2252. Let x(p) = -97*p - 5. Let z be x(4). Let b = z - d. Calculate the highest common divisor of b and 19.
19
Let x be (-5 + 38/6)*(1 + 20). Suppose -x*s + 21*s = -931. What is the highest common divisor of s and 19?
19
Let q = -48 - -72. Let z be -2 - -1 - 7/7. Let n = z + q. What is the highest common divisor of 11 and n?
11
Let u = -1136 + 2224. Suppose -6*v + u = -2*v. What is the highest common factor of 17 and v?
17
Let a be (-12)/(12/(-16)*1). Let n be ((-14)/(-8) - 2) + (-161)/(-4). What is the highest common factor of a and n?
8
Let d(c) =